by 9?
7
What is the remainder when 1006 is divided by 163?
28
What is the remainder when 15618 is divided by 142?
140
Calculate the remainder when 1001 is divided by 308.
77
Calculate the remainder when 350 is divided by 71.
66
What is the remainder when 2987 is divided by 178?
139
Calculate the remainder when 26 is divided by 2.
0
What is the remainder when 575 is divided by 71?
7
Calculate the remainder when 31 is divided by 8.
7
What is the remainder when 215 is divided by 113?
102
What is the remainder when 15880 is divided by 19?
15
Calculate the remainder when 985 is divided by 58.
57
What is the remainder when 2312 is divided by 89?
87
What is the remainder when 1281 is divided by 80?
1
What is the remainder when 716 is divided by 177?
8
Calculate the remainder when 1203 is divided by 196.
27
Calculate the remainder when 1272 is divided by 58.
54
What is the remainder when 1595 is divided by 28?
27
What is the remainder when 124 is divided by 67?
57
What is the remainder when 242 is divided by 124?
118
Calculate the remainder when 840 is divided by 29.
28
Calculate the remainder when 198 is divided by 4.
2
Calculate the remainder when 35 is divided by 23.
12
What is the remainder when 1744 is divided by 9?
7
What is the remainder when 101 is divided by 19?
6
What is the remainder when 230 is divided by 46?
0
What is the remainder when 1149 is divided by 70?
29
What is the remainder when 394 is divided by 126?
16
What is the remainder when 2205 is divided by 92?
89
What is the remainder when 767 is divided by 35?
32
Calculate the remainder when 167 is divided by 17.
14
Calculate the remainder when 9185 is divided by 60.
5
Calculate the remainder when 102 is divided by 19.
7
What is the remainder when 987 is divided by 15?
12
What is the remainder when 153 is divided by 45?
18
Calculate the remainder when 5675 is divided by 17.
14
Calculate the remainder when 160 is divided by 40.
0
Calculate the remainder when 274 is divided by 46.
44
What is the remainder when 761 is divided by 250?
11
Calculate the remainder when 168 is divided by 85.
83
Calculate the remainder when 705 is divided by 217.
54
What is the remainder when 284 is divided by 119?
46
Calculate the remainder when 2772 is divided by 307.
9
Calculate the remainder when 443 is divided by 440.
3
What is the remainder when 132 is divided by 34?
30
What is the remainder when 129 is divided by 52?
25
What is the remainder when 57 is divided by 13?
5
What is the remainder when 74 is divided by 38?
36
Calculate the remainder when 552 is divided by 111.
108
Calculate the remainder when 70 is divided by 36.
34
What is the remainder when 503 is divided by 9?
8
Calculate the remainder when 126 is divided by 13.
9
Calculate the remainder when 958 is divided by 12.
10
Calculate the remainder when 26239 is divided by 82.
81
What is the remainder when 719 is divided by 139?
24
Calculate the remainder when 1024 is divided by 38.
36
What is the remainder when 1641 is divided by 79?
61
What is the remainder when 602 is divided by 149?
6
Calculate the remainder when 3420 is divided by 58.
56
What is the remainder when 541 is divided by 17?
14
What is the remainder when 283 is divided by 41?
37
Calculate the remainder when 878 is divided by 44.
42
Calculate the remainder when 12858 is divided by 167.
166
What is the remainder when 4090 is divided by 13?
8
What is the remainder when 60 is divided by 21?
18
Calculate the remainder when 859 is divided by 209.
23
What is the remainder when 567 is divided by 57?
54
Calculate the remainder when 115 is divided by 35.
10
What is the remainder when 934 is divided by 52?
50
Calculate the remainder when 1676 is divided by 21.
17
What is the remainder when 5883 is divided by 979?
9
Calculate the remainder when 530 is divided by 215.
100
What is the remainder when 305 is divided by 80?
65
What is the remainder when 411 is divided by 46?
43
What is the remainder when 152 is divided by 17?
16
What is the remainder when 98 is divided by 25?
23
What is the remainder when 47 is divided by 6?
5
Calculate the remainder when 757 is divided by 29.
3
What is the remainder when 54 is divided by 10?
4
What is the remainder when 450 is divided by 92?
82
What is the remainder when 1579 is divided by 786?
7
Calculate the remainder when 14989 is divided by 19.
17
Calculate the remainder when 215 is divided by 22.
17
Calculate the remainder when 934 is divided by 209.
98
What is the remainder when 22 is divided by 13?
9
What is the remainder when 4156 is divided by 33?
31
What is the remainder when 154 is divided by 30?
4
What is the remainder when 642 is divided by 163?
153
Calculate the remainder when 337 is divided by 34.
31
Calculate the remainder when 1383 is divided by 34.
23
What is the remainder when 266 is divided by 55?
46
Calculate the remainder when 73 is divided by 15.
13
What is the remainder when 2723 is divided by 25?
23
What is the remainder when 3655 is divided by 1217?
4
Calculate the remainder when 955 is divided by 16.
11
What is the remainder when 62 is divided by 32?
30
Calculate the remainder when 2384 is divided by 53.
52
What is the remainder when 5683 is divided by 1892?
7
What is the remainder when 959 is divided by 46?
39
Calculate the remainder when 7797 is divided by 153.
147
Calculate the remainder when 3423 is divided by 67.
6
What is the remainder when 160 is divided by 3?
1
What is the remainder when 250 is divided by 69?
43
What is the remainder when 90 is divided by 34?
22
What is the remainder when 487 is divided by 31?
22
What is the remainder when 64 is divided by 19?
7
Calculate the remainder when 4046 is divided by 71.
70
What is the remainder when 103 is divided by 52?
51
Calculate the remainder when 822 is divided by 811.
11
Calculate the remainder when 146 is divided by 12.
2
Calculate the remainder when 4985 is divided by 15.
5
Calculate the remainder when 91 is divided by 10.
1
What is the remainder when 5511 is divided by 25?
11
What is the remainder when 3752 is divided by 75?
2
What is the remainder when 161 is divided by 82?
79
What is the remainder when 5722 is divided by 6?
4
Calculate the remainder when 447 is divided by 244.
203
Calculate the remainder when 12256 is divided by 6125.
6
Calculate the remainder when 81 is divided by 43.
38
Calculate the remainder when 960 is divided by 36.
24
What is the remainder when 1129 is divided by 103?
99
What is the remainder when 74 is divided by 10?
4
Calculate the remainder when 3046 is divided by 11.
10
What is the remainder when 5456 is divided by 60?
56
What is the remainder when 179 is divided by 39?
23
What is the remainder when 13802 is divided by 107?
106
What is the remainder when 803 is divided by 45?
38
What is the remainder when 1196 is divided by 120?
116
What is the remainder when 430 is divided by 87?
82
What is the remainder when 18643 is divided by 55?
53
Calculate the remainder when 891 is divided by 47.
45
What is the remainder when 120 is divided by 107?
13
What is the remainder when 489 is divided by 480?
9
Calculate the remainder when 179 is divided by 130.
49
What is the remainder when 164 is divided by 33?
32
What is the remainder when 47 is divided by 13?
8
What is the remainder when 208 is divided by 4?
0
What is the remainder when 113 is divided by 17?
11
What is the remainder when 3637 is divided by 11?
7
What is the remainder when 946 is divided by 330?
286
What is the remainder when 86 is divided by 15?
11
What is the remainder when 985 is divided by 242?
17
Calculate the remainder when 311 is divided by 39.
38
What is the remainder when 948 is divided by 95?
93
What is the remainder when 237 is divided by 112?
13
What is the remainder when 77 is divided by 75?
2
Calculate the remainder when 304 is divided by 298.
6
What is the remainder when 1791 is divided by 5?
1
What is the remainder when 66 is divided by 13?
1
What is the remainder when 44 is divided by 1?
0
Calculate the remainder when 1791 is divided by 224.
223
Calculate the remainder when 1132 is divided by 377.
1
What is the remainder when 222 is divided by 29?
19
What is the remainder when 102 is divided by 25?
2
What is the remainder when 129 is divided by 10?
9
What is the remainder whe